. What is n(-22)?
187
Let t(q) = 89*q**2 - 2*q - 2. Calculate t(-1).
89
Let u(o) = -o**2 - 3*o + 221. What is u(0)?
221
Let i(k) = -k**3 + 12*k**2 + 393. What is i(14)?
1
Let d(q) = 33*q**2 - 133*q - 7. What is d(4)?
-11
Let w(p) = 5*p**2 + 133*p + 71. Determine w(-26).
-7
Let s(i) = -15*i - 18. Give s(-1).
-3
Let t(o) = -o**3 + 10*o**2 + 7*o + 22. Calculate t(11).
-22
Let c(w) = 7*w**2 - 170*w + 23. Give c(24).
-25
Let p(b) = -73*b - 12. Calculate p(-1).
61
Let t(v) = -v**3 + 36*v**2 + 79*v - 50. Calculate t(38).
64
Let q(o) = 5*o**2 + 28*o + 141. What is q(-8)?
237
Let c(o) = 2*o**2 - 2*o - 152. Calculate c(11).
68
Let t(i) = i**3 + 90*i**2 + 626*i - 2470. Give t(-82).
-10
Let s(c) = -97*c - 26397. Calculate s(-272).
-13
Let l(z) = -30*z - 101. Calculate l(-11).
229
Let c(h) = -105*h - 2769. Calculate c(-26).
-39
Let m(z) = -z**3 + z**2 - 48*z - 98. Give m(-2).
10
Let h(p) = -13*p**2 - 589*p + 412. Determine h(-46).
-2
Let n(q) = -2660*q - 87792. What is n(-33)?
-12
Let o(b) = b**3 - 46*b**2 - 48*b + 55. What is o(47)?
8
Let x(m) = -2*m**3 + 57*m**2 + 22*m - 12. Determine x(29).
-215
Let j(c) = c**3 - 90*c**2 + 94*c - 8437. What is j(90)?
23
Let h(o) = -63*o + 4409. Determine h(61).
566
Let l(j) = 176*j - 3346. Calculate l(20).
174
Let z(c) = 702*c - 13391. Calculate z(19).
-53
Let c(p) = 24*p + 2087. What is c(-87)?
-1
Let h(i) = i + 76. Determine h(-42).
34
Let f(p) = -2*p**2 - 44*p + 81. Determine f(-15).
291
Let b(s) = -75*s + 3797. What is b(50)?
47
Let s(q) = 141*q - 1543. Determine s(11).
8
Let c(o) = -o**2 - 1598*o + 11183. What is c(7)?
-52
Let n(s) = 3*s**2 - 252*s - 1917. Determine n(91).
-6
Let i(s) = s**3 - 58*s**2 - 123*s + 86. Determine i(60).
-94
Let x(o) = o**3 - 6*o**2 - 3*o + 51. Determine x(9).
267
Let u(q) = -5*q**3 - 38*q**2 - 28*q - 21. Determine u(-7).
28
Let k(c) = 7409*c + 14819. Determine k(-2).
1
Let i(y) = 4*y**3 + 32*y**2 - 4*y - 13. Determine i(-8).
19
Let l(t) = 157*t**2 - 8625*t - 556. Give l(55).
-6
Let g(j) = -j**2 + 976*j - 2919. What is g(3)?
0
Let v(m) = -31*m**2 + 619*m + 48. What is v(20)?
28
Let w(t) = 294*t - 2029. Determine w(8).
323
Let f(i) = 19*i**2 - 95*i - 1. What is f(5)?
-1
Let w(m) = -11*m**2 - 10*m + 17. Calculate w(-6).
-319
Let c(h) = -24*h + 415. Determine c(17).
7
Let p(b) = b**3 + 12*b**2 - 100*b - 1015. Calculate p(-14).
-7
Let c(v) = v**2 - 46*v + 334. Give c(9).
1
Let x(o) = 412*o - 5675. Determine x(14).
93
Let n(z) = 14*z**2 - 180*z - 26. What is n(13)?
0
Let h(o) = -2*o**2 + 472*o + 4498. Give h(-9).
88
Let d(a) = -2*a**3 + 12*a**2 + a - 1. What is d(6)?
5
Let z(o) = 13*o**2 + 381*o + 84. What is z(-29)?
-32
Let c(t) = -87*t - 634. Give c(-8).
62
Let v(x) = 86*x - 1718. Calculate v(5).
-1288
Let o(d) = 50*d**2 + 701*d + 11. Calculate o(-14).
-3
Let l(d) = -3*d**2 + 161*d - 2116. What is l(31)?
-8
Let n(s) = -81*s**2 + 626*s + 34. What is n(8)?
-142
Let b(y) = 2*y**2 + 176*y - 3328. What is b(16)?
0
Let c(a) = -507*a + 3510. Determine c(7).
-39
Let x(a) = a**3 - 41*a**2 - 132*a - 24. Determine x(44).
-24
Let x(a) = 2*a**2 + 31*a - 145. What is x(13)?
596
Let g(v) = 6*v + 21. Determine g(-9).
-33
Let j(q) = 84*q + 1702. Calculate j(-20).
22
Let x(o) = -365*o + 1849. Determine x(5).
24
Let v(s) = -11*s**2 + 340*s - 897. Calculate v(28).
-1
Let l(x) = 2*x**3 - 22*x**2 - 26*x - 90. What is l(12)?
-114
Let x(r) = -120*r + 5400. Determine x(45).
0
Let j(v) = -36*v - 510. Determine j(-14).
-6
Let d(j) = 2*j**3 - 167*j**2 - 2838*j - 399. What is d(98)?
-7
Let l(f) = -2*f**3 - 19*f**2 - 75*f - 62. Calculate l(-10).
788
Let y(r) = 143*r - 27884. Calculate y(195).
1
Let n(m) = -4*m**2 - 3*m + 88. What is n(-7)?
-87
Let d(v) = v**3 - 20*v**2 + 20*v + 54. Give d(19).
73
Let b(l) = -194*l + 202. Give b(4).
-574
Let m(i) = -2*i**2 + 55*i - 313. Determine m(13).
64
Let d(c) = c - 49. Give d(24).
-25
Let x(s) = s**3 + 5*s**2 + s. What is x(-4)?
12
Let l(d) = -2*d**3 + 51*d**2 + 25*d - 17. Calculate l(26).
-43
Let k(g) = -3*g**2 - 771*g - 3. Give k(0).
-3
Let r(y) = -y**3 + 41*y**2 - 366*y - 181. Calculate r(27).
143
Let p(v) = -3*v**2 - 16*v - 57. Calculate p(-11).
-244
Let t(y) = 131*y + 222. Calculate t(-4).
-302
Let f(s) = -56*s + 4935. Calculate f(88).
7
Let o(j) = -j**3 + 3*j**2 + 40*j + 244. What is o(10)?
-56
Let w(r) = 4*r**2 - 254*r - 1679. Calculate w(-6).
-11
Let z(p) = -7*p - 445. What is z(-23)?
-284
Let k(h) = -336*h + 334. What is k(1)?
-2
Let s(p) = -28*p - 173. Give s(-4).
-61
Let g(u) = 2*u**2 - 119*u + 1810. Determine g(24).
106
Let k(j) = j**3 - 29*j**2 + 167*j - 253. Determine k(22).
33
Let c(n) = -n**3 - 38*n**2 + 62*n + 611. What is c(-39)?
-286
Let f(a) = -364*a + 366. What is f(1)?
2
Let z(q) = -3*q**2 + 106*q - 131. Determine z(34).
5
Let j(o) = -28*o**2 + 171*o + 7. Give j(6).
25
Let v(t) = 18*t - 852. Determine v(48).
12
Let f(i) = 69*i**2 - 146*i + 147. Calculate f(1).
70
Let t(z) = 40*z**3 + 4*z**2 + 3*z - 11. Calculate t(2).
331
Let v(p) = p**2 - 89*p - 662. Determine v(-7).
10
Let d(s) = s**2 + s + 2. Calculate d(3).
14
Let p(u) = -u**2 - 766*u + 7767. Give p(10).
7
Let x(h) = h**2 - 190*h - 1616. Determine x(-8).
-32
Let v(w) = w**3 - 17*w**2 + 119*w - 9. Calculate v(6).
309
Let a(p) = p**3 + 8*p**2 - p - 1. Calculate a(-3).
47
Let p(t) = -166*t - 940. Give p(-6).
56
Let a(t) = 4*t**2 + 12*t - 28. Give a(3).
44
Let u(m) = -19*m + 303. Give u(18).
-39
Let i(f) = 68*f - 158. Determine i(3).
46
Let n(y) = -30*y**2 + 93*y + 16. Calculate n(4).
-92
Let t(f) = 3*f**3 - 16*f**2 + 110*f - 342. Give t(4).
34
Let a(i) = 5*i**3 - 2*i**2 - 3*i - 3. What is a(-2)?
-45
Let h(d) = 185*d - 8712. Determine h(47).
-17
Let i(q) = -37*q**2 + 416*q - 8. Calculate i(11).
91
Let x(n) = -n**3 + 9*n**2 + 20*n - 204. Determine x(8).
20
Let s(f) = -f**2 + 13*f - 91. Determine s(6).
-49
Let j(u) = -8275*u + 57918. Determine j(7).
-7
Let j(k) = -3*k**3 - 24*k**2 - 3*k - 17. Give j(-8).
7
Let g(d) = 538*d - 115. Give g(-1).
-653
Let p(i) = -i**3 + 18*i**2 - 36*i + 24. What is p(16)?
-40
Let x(q) = -q**3 - 55*q**2 - 455*q - 187. Determine x(-45).
38
Let l(n) = 59*n + 1768. Calculate l(-30).
-2
Let n(o) = 7*o**3 + 2*o + 9. Calculate n(-2).
-51
Let r(w) = 2*w**2 + 58*w - 1088. Calculate r(-42).
4
Let z(m) = 674*m + 43140. Determine z(-64).
4
Let l(t) = -t**2 + 30*t + 47. Calculate l(-5).
-128
Let y(i) = 24*i + 3403. Calculate y(-142).
-5
Let y(i) = -84*i + 3708. Determine y(43).
96
Let o(i) = i**3 - 150*i**2 + 272*i + 3547. Calculate o(148).
-5
Let i(f) = -f**3 - 14*f**2 - 23*f - 287. Calculate i(-13).
-157
Let r(x) = -x**3 + 68*x**2 + 138*x + 185. Give r(70).
45
Let l(y) = -3138*y + 9345. Give l(3).
-69
Let o(m) = -10*m - 62. What is o(5)?
-112
Let f(k) = 7*k**2 + 4*k + 24. Calculate f(-8).
440
Let p(b) = -b**3 - 4*b**2 - 8*b - 1. Determine p(-4).
31
Let j(v) = v**2 - 121*v + 3601. Determine j(69).
13
Let i(u) = u**2 + 47*u + 516. Give i(-15).
36
Let o(j) = 1178*j - 2354. What is o(2)?
2
Let c(o) = 2*o**3 + 84*o**2 - 268*o + 8. Calculate c(3).
14
Let r(t) = -3*t**3 - 210*t**2 - 210*t - 235. Give r(-69).
-28
Let c(j) = -63*j**2 + 3*j + 6. Calculate c(-1).
-60
Let h(w) = -7226*w - 17. Give h(0).
-17
Let y(x) = 3*x**2 + 727*x - 2945. Give y(4).
11
Let z(f) = 1649*f + 13192. What is z(-8)?
0
Let z(t) = -t**2 - 81*t - 662. What is z(-9)?
-14
Let u(q) = 172*q - 912. Calculate u(7).
292
Let t(w) = 5*w**2 + 161*w - 1108. Calculate t(-38).
-6
Let f(t) = -t**3 - 23*t**2 - 39*t - 3024. Give f(-26).
18
Let a(c) = c**3 + 29*c**2 + 23*c + 63. Determine a(-28).
203
Let b(v) = 61*v**2 + 303*v + 10. Calculate b(-5).
20
Let k(l) = 9*l + 33. What is k(16)?
177
Let w(z) = 2*z**2 - 34*z + 65. Give w(17).
65
Let w(f) = 9361*f - 65529. Determine w(7).
-2
Let o(x) = -606*x + 7887. Calculate o(13).
9
Let w(i) = 123*i**2 - 2947*i - 127. Determine w(24).
-7
Let u(d) = d**3 + 47*d**2 + 502*d - 578. Determine u(-29).
2
Let n(b) = -7*b - 122. Calculate n(-30).
88
Let d(i) = 228*i + 5266. What is d(-23)?
22
Let q(k) = -1665*k - 43297. What is q(-26)?
-7
Let c(i) = -i**3 + 18*i**2 - 62*i - 265. Give c(9).
-94
Let z(i) = 17441*i - 34895. Give z(2).
-13
Let m(r) = -2*r**3 + 25*r**2 - 84*r + 25. Determine m(7).
-24
Let s(k) = -121*k**3 - 3*k**2 - 3*k + 6. Calculate s(1).
-121
Let s(f) = 3022*f - 9068. Determine s(3).
-2
Let s